ed by 190?
187
Suppose -5*y = p - 654, 48*p - 47*p = -4*y + 524. What is the remainder when 32368 is divided by y?
128
Suppose 195*u - 197*u - 2*q = -6370, 5*u - 3*q - 15909 = 0. Calculate the remainder when u is divided by 54.
51
Let f = 57 + 25. What is the remainder when f is divided by 12?
10
Let w(h) = -h**3 + 4*h**2 + 20*h - 57. Let i(u) = -6*u**3 - 3*u**2 - 5*u. Let f be i(-2). Let c = 277 - f. What is the remainder when c is divided by w(5)?
15
Let c = 24215 - 21631. Calculate the remainder when c is divided by 162.
154
Let m(b) = b**2 + 30*b + 123. Calculate the remainder when m(-27) is divided by 30.
12
Let p be (-13 - -11)/(2/(-13)). Suppose p*n - 264 = 11*n. Calculate the remainder when n is divided by 56.
20
Suppose -x = 425 - 519. Suppose r - 24 = -4*d, 3*r + 0*d - x = -d. What is the remainder when 125 is divided by r?
29
Suppose 0 = -837*b + 516 + 1499 + 496. Suppose -5*m = -63 + 13. Calculate the remainder when (-4)/m + (-222)/(-5) is divided by b.
2
Suppose -5*p + 88 = -p. Suppose 3*c + 8 = 3*h + 41, 3*h - 63 = -5*c. Suppose -a - c = -2*a. What is the remainder when p is divided by a?
10
Let v(u) = -17 + 37 + 13 - 2*u. What is the remainder when v(-16) is divided by 10?
5
Let k be 4 + (-12)/2 + 5. Suppose -k*c = 32 - 59. Calculate the remainder when 123 is divided by c.
6
What is the remainder when 3722 is divided by (-378)/(-81)*30/(-18)*(-18)/4?
12
Suppose -3*s = 2*x - 269, -s + 3*x + 480 = 4*s. Calculate the remainder when s is divided by (25/(12925/1316))/(2/22).
9
Let s be (15/(-6) - -7)/((-12)/(-16)). Let c(t) = 97*t - 299. What is the remainder when c(s) is divided by 48?
43
Let h(i) = 3*i**2 - i - 21. Let w(l) = -10*l**2 + 2*l + 62. Let j(b) = 7*h(b) + 2*w(b). Calculate the remainder when j(-6) is divided by 14.
3
Let u(v) = v**2 - 6*v + 17. Let z be u(4). Suppose 213 + 120 = z*t. What is the remainder when 85 is divided by t?
11
Let l(u) = -u**2 + 7*u - 12. Let m be l(-15). Let s = m + 364. What is the remainder when 107 is divided by s?
19
Let u(l) = 2*l**2 - 7*l + 33. Calculate the remainder when u(13) is divided by 159.
121
Suppose 3*r - 1515 = -9*y + 4*y, 4*r = -5*y + 1510. Let u = 396 - y. Calculate the remainder when u is divided by 33.
24
Let r = -100 - -112. Let i(u) = u**3 - 10*u**2 - 23*u + 7. Calculate the remainder when 186 is divided by i(r).
15
Suppose -48 - 60 = -2*l + 4*q, l + 4*q - 30 = 0. Calculate the remainder when 17108 is divided by l.
42
Let b(h) be the third derivative of -h**5/30 - 7*h**4/24 + 5*h**3/3 + 20*h**2 - h. Calculate the remainder when 58 is divided by b(-4).
4
Let z = -419 - -430. Suppose -25 = -z*h + 140. Calculate the remainder when 26 is divided by h.
11
Let y(v) = -15*v - 1323. Calculate the remainder when 23076 is divided by y(-98).
144
Suppose -11 = 4*c + 5, y + 2*c = 2337. What is the remainder when y is divided by 23?
22
Suppose -137*d + 9263 = -30*d - 474. What is the remainder when 1269 is divided by d?
86
Let a = -12 + 24. Suppose 2*l + 79 = -n + 5*l, 0 = n + 2*l + 59. Let b = -60 - n. Calculate the remainder when a is divided by b.
5
Let j(c) = 354*c + 731. What is the remainder when j(-2) is divided by 22?
1
Let s = 23000 - 15847. What is the remainder when s is divided by 49?
48
What is the remainder when 12526 is divided by ((-18)/(-7))/((-408)/(-7616))?
46
Suppose 0 = 65*a + 25*a - 35280. Let i = -14 - -32. What is the remainder when a is divided by i?
14
Suppose 804 - 163 = b - 3*g, -5*b + 4*g + 3172 = 0. Let j = -5 - -14. Calculate the remainder when -4 - b/(-24) - (-2)/(-6) is divided by j.
4
Suppose 0 = -2*l + 3*l + 20. Let s = -12 - l. Suppose 0 = -0*u - 3*u - 2*i + 10, -s = -4*u - 4*i. What is the remainder when 17 is divided by u?
5
Suppose 13132*j = 13135*j - 423. Calculate the remainder when j is divided by 25.
16
Let c(h) = -7*h + 15. Suppose -187 = 11*l + 11. Let s be c(l). Suppose -104 = -5*r + s. Calculate the remainder when r is divided by 10.
9
Let m = 74 - 72. Let h(b) = 3*b**2 - 6*b**2 - b + 14 + 7 + 4*b**m. Calculate the remainder when 209 is divided by h(0).
20
Suppose -2*d + 2*r = 3*r + 43, 3*d = 5*r - 58. Let n(c) = -8*c. What is the remainder when n(-4) is divided by 3/7 - 222/d?
10
Suppose 665 = 400*i - 359 + 224. Suppose 30 = 3*h - h. Let k = h + -8. Calculate the remainder when k is divided by i.
1
Calculate the remainder when (-195095)/(-40) - (-123)/(-328) is divided by 2432.
13
Let k = 17 + -7. Let d(c) = c**3 + 27*c**2 - 31*c - 88. Let p be d(-28). Calculate the remainder when p*(1 - 0) - (-22 - 49) is divided by k.
7
Suppose -3*k - 2*c = 58, -k - 4*k - 3*c = 96. Let u(n) = 10*n - 32. What is the remainder when u(6) is divided by ((-36)/(-27))/((-4)/k)?
4
Let a(q) = 3*q + 69. Let z(x) = -21*x + 3. Let p be z(-3). Let g = -59 + p. What is the remainder when a(-20) is divided by g?
2
Suppose -1102*a + 1106*a = 20. Let b = -144 + 521. Suppose -a*p - 625 = -10*p - 5*s, 3*p + 2*s = b. What is the remainder when p is divided by 32?
31
Let n = 3531 - 3405. Calculate the remainder when n is divided by 115.
11
Let p = 2736 - 2610. Calculate the remainder when 851 is divided by p.
95
What is the remainder when 1879 is divided by (11 + 97 + 16)/((-1)/(-5))?
19
Suppose 111*s + 60812 = 157*s. Calculate the remainder when s is divided by 21.
20
What is the remainder when 13/4 + -3 - 13590/(-40) is divided by 163?
14
Suppose -3*h = -3*r + 354, 4*h - 360 = -3*r + 9*h. Calculate the remainder when r is divided by 28.
3
Suppose 201 + 13 = 107*c. Suppose -3*x = 3*z - 63, -z + 71 - 16 = 3*x. What is the remainder when x is divided by c?
1
Let w = -1913 - -1927. What is the remainder when w is divided by 5?
4
Let g = -336 - -339. Calculate the remainder when 39 is divided by 3/(6/(-20))*(g + -4).
9
Let u be 212/16 - (-3)/4. Suppose 4*k - 134 = 2*g, -2*g + 36 = k - 0. Calculate the remainder when k is divided by (-120)/35*u/(-4).
10
Let f be ((-128)/(-2))/(-2 - -1). Calculate the remainder when f*(-2 - -1) + 16/(-4) is divided by 25.
10
Suppose 45*i = 3088 + 1682. What is the remainder when i is divided by 28?
22
Let q(m) = -m**2 - 10*m + 2688. What is the remainder when 1445 is divided by q(-57)?
5
Suppose -3*x = -263 - 73. Suppose 0 = 5*t - 2*f - 186 + 28, 2*f - x = -4*t. Calculate the remainder when 79 is divided by t.
19
Let w(t) = -t**3 + 34*t**2 - 134*t - 32. What is the remainder when 962 is divided by w(5)?
19
Suppose -2*w = 5*j - 1129, -39*w = -37*w + 2*j - 1132. Calculate the remainder when w is divided by 95.
92
Let q = 3884 - 3840. Calculate the remainder when 581 is divided by q.
9
Suppose -8*q = -2*u - 3*q + 5, -5*q = -u + 5. Suppose o + 301 = 2*j - u*j, j - 155 = -o. Let n = 281 - j. Calculate the remainder when n is divided by 19.
15
Let r(z) = -40*z**3 + 5*z**2 + 6*z + 4. Let n be r(-2). Let h = -166 + n. Calculate the remainder when h is divided by 17.
13
Suppose -4*u + 3*u = p, 2 = -3*p - u. Calculate the remainder when 433 is divided by ((-54)/12 + 5)/(p/(-62)).
30
Suppose 0 = 4*y + 8, -16*c = -20*c + 2*y + 220. Let o = 238 + -24. Calculate the remainder when o is divided by c.
52
Suppose -11*w + 2227 = 17*w - 6761. What is the remainder when w is divided by 66?
57
Suppose -2*g = b - 732, 977 - 243 = b + 3*g. Suppose b = -3*s + 16*s. Calculate the remainder when s is divided by 3.
2
Suppose 5*u = -4*n + 445, -2*u - 4 = -2*n - 182. Suppose 129*w - 128*w - u = 0. Calculate the remainder when w is divided by 18.
17
Let g = 5 - 2. Let d be ((-25)/(-2))/((772/(-64) + 12)*-2). Suppose -g*o + d = 2*o. What is the remainder when o is divided by 6?
2
Let a(i) = 2*i. What is the remainder when (-574 - -571)/(2/(-30)) is divided by a(6)?
9
Calculate the remainder when 1259 is divided by -2*-3*(-9)/(-6).
8
Let j = 30 + -16. Suppose j*v - 89 = -5. What is the remainder when 11 is divided by v?
5
Suppose 79 = 5*n + 327*h - 325*h, 3*n - 73 = 2*h. Calculate the remainder when 106 is divided by n.
11
Let l(g) = -g**3 + 19*g**2 - 14*g - 27. Let c be l(18). Suppose 11*n + c = 10*n. What is the remainder when 6/(-45) + (-681)/n is divided by 10?
5
Let m(x) = 7*x + 1. Let b(a) = -a. Let y(v) = b(v) - m(v). Calculate the remainder when y(-6) is divided by (-438)/146 - (-26)/2.
7
Let t(p) = -p**3 - 7*p**2 + p + 9. Let z be t(-7). Suppose 0 = c - z*c + 46. L